{"id":715,"date":"2023-04-25T12:14:42","date_gmt":"2023-04-25T10:14:42","guid":{"rendered":"https:\/\/dltec.net\/politica-de-gestio-ambiental\/"},"modified":"2023-05-10T11:25:41","modified_gmt":"2023-05-10T09:25:41","slug":"politica-de-gestio-ambiental","status":"publish","type":"page","link":"https:\/\/dltec.net\/ca\/politica-de-gestio-ambiental\/","title":{"rendered":"Pol\u00edtica de gesti\u00f3 ambiental"},"content":{"rendered":"<p>[et_pb_section fb_built=&#8221;1&#8243; _builder_version=&#8221;4.20.4&#8243; _module_preset=&#8221;default&#8221; background_color=&#8221;#256C90&#8243; custom_padding=&#8221;50px||50px||true|false&#8221; locked=&#8221;off&#8221; collapsed=&#8221;on&#8221; global_colors_info=&#8221;{}&#8221;][et_pb_row _builder_version=&#8221;4.20.4&#8243; _module_preset=&#8221;default&#8221; global_colors_info=&#8221;{}&#8221;][et_pb_column type=&#8221;4_4&#8243; _builder_version=&#8221;4.20.4&#8243; _module_preset=&#8221;default&#8221; global_colors_info=&#8221;{}&#8221;][et_pb_text _builder_version=&#8221;4.20.4&#8243; _dynamic_attributes=&#8221;content&#8221; _module_preset=&#8221;default&#8221; text_font=&#8221;Lexend Deca|800|||||||&#8221; text_text_color=&#8221;#FFFFFF&#8221; text_font_size=&#8221;30px&#8221; header_font=&#8221;Lexend Deca|800|||||||&#8221; header_text_align=&#8221;left&#8221; header_text_color=&#8221;#FFFFFF&#8221; header_font_size=&#8221;42px&#8221; global_colors_info=&#8221;{}&#8221;]@ET-DC@eyJkeW5hbWljIjp0cnVlLCJjb250ZW50IjoicG9zdF90aXRsZSIsInNldHRpbmdzIjp7ImJlZm9yZSI6IiIsImFmdGVyIjoiIn19@[\/et_pb_text][\/et_pb_column][\/et_pb_row][\/et_pb_section][et_pb_section fb_built=&#8221;1&#8243; _builder_version=&#8221;4.20.4&#8243; _module_preset=&#8221;default&#8221; global_colors_info=&#8221;{}&#8221;][et_pb_row _builder_version=&#8221;4.20.4&#8243; _module_preset=&#8221;default&#8221; global_colors_info=&#8221;{}&#8221;][et_pb_column type=&#8221;4_4&#8243; _builder_version=&#8221;4.20.4&#8243; _module_preset=&#8221;default&#8221; global_colors_info=&#8221;{}&#8221;][et_pb_text _builder_version=&#8221;4.20.4&#8243; _module_preset=&#8221;default&#8221; custom_margin=&#8221;100px||250px||false|false&#8221; inline_fonts=&#8221;Lexend Deca&#8221; global_colors_info=&#8221;{}&#8221;]<\/p>\n<h4><span style=\"font-family: 'Lexend Deca';\"><span lang=\"ca-ES\"><b>POL\u00cdTICA DE GESTI\u00d3 AMBIENTAL<\/b><\/span><\/span><\/h4>\n<p align=\"justify\"><span><span lang=\"ca-ES\"><\/span><\/span><\/p>\n<p>El Grup DATALAB est\u00e0 ubicat a Barcelona i prestant els seus serveis principalment en l\u2019\u00e0rea geogr\u00e0fica propera al seu empla\u00e7ament.<\/p>\n<p>Des de la seva fundaci\u00f3 treballa amb conceptes de sostenibilitat i integraci\u00f3 en el medi.<\/p>\n<p>El desenvolupament de totes les seves activitats es realitza minimitzant els impactes ambientals i mantenint l\u2019entorn natural.<br \/>La Direcci\u00f3 i tots els empleats de l\u2019Empresa, conscients de la import\u00e0ncia de la conservaci\u00f3 de l\u2019entorn natural, apliquen aquesta premissa en el funcionament de les instal\u00b7lacions de la companyia i en els serveis oferts als clients in situ.<\/p>\n<p>La Direcci\u00f3 i tots els empleats de l\u2019Empresa treballen conjuntament amb els usuaris i prove\u00efdors en el sentit de millorar l\u2019entorn ambiental.<\/p>\n<p>La Direcci\u00f3 mant\u00e9 el comprom\u00eds de complir amb els requisits legals aplicables a les instal\u00b7lacions i l\u2019entorn natural de l\u2019Empresa.<\/p>\n<p>Existeixen, i s\u00f3n revisats, objectius i m\u00e8todes de control per assegurar el compliment d\u2019aquesta Pol\u00edtica Ambiental.<\/p>\n<p>[\/et_pb_text][\/et_pb_column][\/et_pb_row][\/et_pb_section]<\/p>\n","protected":false},"excerpt":{"rendered":"<p>POL\u00cdTICA DE GESTI\u00d3 AMBIENTAL El Grup DATALAB est\u00e0 ubicat a Barcelona i prestant els seus serveis principalment en l\u2019\u00e0rea geogr\u00e0fica propera al seu empla\u00e7ament. Des de la seva fundaci\u00f3 treballa amb conceptes de sostenibilitat i integraci\u00f3 en el medi. El desenvolupament de totes les seves activitats es realitza minimitzant els impactes ambientals i mantenint l\u2019entorn [&hellip;]<\/p>\n","protected":false},"author":1,"featured_media":0,"parent":0,"menu_order":0,"comment_status":"closed","ping_status":"closed","template":"","meta":{"_et_pb_use_builder":"on","_et_pb_old_content":"","_et_gb_content_width":"","footnotes":""},"class_list":["post-715","page","type-page","status-publish","hentry"],"yoast_head":"<!-- This site is optimized with the Yoast SEO plugin v20.8 - https:\/\/yoast.com\/wordpress\/plugins\/seo\/ -->\n<title>Pol\u00edtica de gesti\u00f3 ambiental - Datalab<\/title>\n<meta name=\"robots\" content=\"index, follow, max-snippet:-1, max-image-preview:large, max-video-preview:-1\" \/>\n<link rel=\"canonical\" href=\"https:\/\/dltec.net\/ca\/politica-de-gestio-ambiental\/\" \/>\n<meta property=\"og:locale\" content=\"ca_ES\" \/>\n<meta property=\"og:type\" content=\"article\" \/>\n<meta property=\"og:title\" content=\"Pol\u00edtica de gesti\u00f3 ambiental - Datalab\" \/>\n<meta property=\"og:description\" content=\"POL\u00cdTICA DE GESTI\u00d3 AMBIENTAL El Grup DATALAB est\u00e0 ubicat a Barcelona i prestant els seus serveis principalment en l\u2019\u00e0rea geogr\u00e0fica propera al seu empla\u00e7ament. Des de la seva fundaci\u00f3 treballa amb conceptes de sostenibilitat i integraci\u00f3 en el medi. El desenvolupament de totes les seves activitats es realitza minimitzant els impactes ambientals i mantenint l\u2019entorn [&hellip;]\" \/>\n<meta property=\"og:url\" content=\"https:\/\/dltec.net\/ca\/politica-de-gestio-ambiental\/\" \/>\n<meta property=\"og:site_name\" content=\"Datalab\" \/>\n<meta property=\"article:modified_time\" content=\"2023-05-10T09:25:41+00:00\" \/>\n<meta name=\"twitter:card\" content=\"summary_large_image\" \/>\n<meta name=\"twitter:label1\" content=\"Temps estimat de lectura\" \/>\n\t<meta name=\"twitter:data1\" content=\"2 minuts\" \/>\n<script type=\"application\/ld+json\" class=\"yoast-schema-graph\">{\"@context\":\"https:\/\/schema.org\",\"@graph\":[{\"@type\":\"WebPage\",\"@id\":\"https:\/\/dltec.net\/ca\/politica-de-gestio-ambiental\/\",\"url\":\"https:\/\/dltec.net\/ca\/politica-de-gestio-ambiental\/\",\"name\":\"Pol\u00edtica de gesti\u00f3 ambiental - Datalab\",\"isPartOf\":{\"@id\":\"https:\/\/dltec.net\/ca\/#website\"},\"datePublished\":\"2023-04-25T10:14:42+00:00\",\"dateModified\":\"2023-05-10T09:25:41+00:00\",\"breadcrumb\":{\"@id\":\"https:\/\/dltec.net\/ca\/politica-de-gestio-ambiental\/#breadcrumb\"},\"inLanguage\":\"ca\",\"potentialAction\":[{\"@type\":\"ReadAction\",\"target\":[\"https:\/\/dltec.net\/ca\/politica-de-gestio-ambiental\/\"]}]},{\"@type\":\"BreadcrumbList\",\"@id\":\"https:\/\/dltec.net\/ca\/politica-de-gestio-ambiental\/#breadcrumb\",\"itemListElement\":[{\"@type\":\"ListItem\",\"position\":1,\"name\":\"Portada\",\"item\":\"https:\/\/dltec.net\/ca\/\"},{\"@type\":\"ListItem\",\"position\":2,\"name\":\"Pol\u00edtica de gesti\u00f3 ambiental\"}]},{\"@type\":\"WebSite\",\"@id\":\"https:\/\/dltec.net\/ca\/#website\",\"url\":\"https:\/\/dltec.net\/ca\/\",\"name\":\"Datalab\",\"description\":\"\",\"potentialAction\":[{\"@type\":\"SearchAction\",\"target\":{\"@type\":\"EntryPoint\",\"urlTemplate\":\"https:\/\/dltec.net\/ca\/?s={search_term_string}\"},\"query-input\":\"required name=search_term_string\"}],\"inLanguage\":\"ca\"}]}<\/script>\n<!-- \/ Yoast SEO plugin. -->","yoast_head_json":{"title":"Pol\u00edtica de gesti\u00f3 ambiental - Datalab","robots":{"index":"index","follow":"follow","max-snippet":"max-snippet:-1","max-image-preview":"max-image-preview:large","max-video-preview":"max-video-preview:-1"},"canonical":"https:\/\/dltec.net\/ca\/politica-de-gestio-ambiental\/","og_locale":"ca_ES","og_type":"article","og_title":"Pol\u00edtica de gesti\u00f3 ambiental - Datalab","og_description":"POL\u00cdTICA DE GESTI\u00d3 AMBIENTAL El Grup DATALAB est\u00e0 ubicat a Barcelona i prestant els seus serveis principalment en l\u2019\u00e0rea geogr\u00e0fica propera al seu empla\u00e7ament. Des de la seva fundaci\u00f3 treballa amb conceptes de sostenibilitat i integraci\u00f3 en el medi. El desenvolupament de totes les seves activitats es realitza minimitzant els impactes ambientals i mantenint l\u2019entorn [&hellip;]","og_url":"https:\/\/dltec.net\/ca\/politica-de-gestio-ambiental\/","og_site_name":"Datalab","article_modified_time":"2023-05-10T09:25:41+00:00","twitter_card":"summary_large_image","twitter_misc":{"Temps estimat de lectura":"2 minuts"},"schema":{"@context":"https:\/\/schema.org","@graph":[{"@type":"WebPage","@id":"https:\/\/dltec.net\/ca\/politica-de-gestio-ambiental\/","url":"https:\/\/dltec.net\/ca\/politica-de-gestio-ambiental\/","name":"Pol\u00edtica de gesti\u00f3 ambiental - Datalab","isPartOf":{"@id":"https:\/\/dltec.net\/ca\/#website"},"datePublished":"2023-04-25T10:14:42+00:00","dateModified":"2023-05-10T09:25:41+00:00","breadcrumb":{"@id":"https:\/\/dltec.net\/ca\/politica-de-gestio-ambiental\/#breadcrumb"},"inLanguage":"ca","potentialAction":[{"@type":"ReadAction","target":["https:\/\/dltec.net\/ca\/politica-de-gestio-ambiental\/"]}]},{"@type":"BreadcrumbList","@id":"https:\/\/dltec.net\/ca\/politica-de-gestio-ambiental\/#breadcrumb","itemListElement":[{"@type":"ListItem","position":1,"name":"Portada","item":"https:\/\/dltec.net\/ca\/"},{"@type":"ListItem","position":2,"name":"Pol\u00edtica de gesti\u00f3 ambiental"}]},{"@type":"WebSite","@id":"https:\/\/dltec.net\/ca\/#website","url":"https:\/\/dltec.net\/ca\/","name":"Datalab","description":"","potentialAction":[{"@type":"SearchAction","target":{"@type":"EntryPoint","urlTemplate":"https:\/\/dltec.net\/ca\/?s={search_term_string}"},"query-input":"required name=search_term_string"}],"inLanguage":"ca"}]}},"_links":{"self":[{"href":"https:\/\/dltec.net\/ca\/wp-json\/wp\/v2\/pages\/715","targetHints":{"allow":["GET"]}}],"collection":[{"href":"https:\/\/dltec.net\/ca\/wp-json\/wp\/v2\/pages"}],"about":[{"href":"https:\/\/dltec.net\/ca\/wp-json\/wp\/v2\/types\/page"}],"author":[{"embeddable":true,"href":"https:\/\/dltec.net\/ca\/wp-json\/wp\/v2\/users\/1"}],"replies":[{"embeddable":true,"href":"https:\/\/dltec.net\/ca\/wp-json\/wp\/v2\/comments?post=715"}],"version-history":[{"count":5,"href":"https:\/\/dltec.net\/ca\/wp-json\/wp\/v2\/pages\/715\/revisions"}],"predecessor-version":[{"id":720,"href":"https:\/\/dltec.net\/ca\/wp-json\/wp\/v2\/pages\/715\/revisions\/720"}],"wp:attachment":[{"href":"https:\/\/dltec.net\/ca\/wp-json\/wp\/v2\/media?parent=715"}],"curies":[{"name":"wp","href":"https:\/\/api.w.org\/{rel}","templated":true}]}}

Política de gestió ambiental

<p>[et_pb_section fb_built=&#8221;1&#8243; _builder_version=&#8221;4.20.4&#8243; _module_preset=&#8221;default&#8221; background_color=&#8221;#256C90&#8243; custom_padding=&#8221;50px||50px||true|false&#8221; locked=&#8221;off&#8221; collapsed=&#8221;on&#8221; global_colors_info=&#8221;{}&#8221;][et_pb_row _builder_version=&#8221;4.20.4&#8243; _module_preset=&#8221;default&#8221; global_colors_info=&#8221;{}&#8221;][et_pb_column type=&#8221;4_4&#8243; _builder_version=&#8221;4.20.4&#8243; _module_preset=&#8221;default&#8221; global_colors_info=&#8221;{}&#8221;][et_pb_text _builder_version=&#8221;4.20.4&#8243; _dynamic_attributes=&#8221;content&#8221; _module_preset=&#8221;default&#8221; text_font=&#8221;Lexend Deca|800|||||||&#8221; text_text_color=&#8221;#FFFFFF&#8221; text_font_size=&#8221;30px&#8221; header_font=&#8221;Lexend Deca|800|||||||&#8221; header_text_align=&#8221;left&#8221; header_text_color=&#8221;#FFFFFF&#8221; header_font_size=&#8221;42px&#8221; global_colors_info=&#8221;{}&#8221;]@ET-DC@eyJkeW5hbWljIjp0cnVlLCJjb250ZW50IjoicG9zdF90aXRsZSIsInNldHRpbmdzIjp7ImJlZm9yZSI6IiIsImFmdGVyIjoiIn19@[/et_pb_text][/et_pb_column][/et_pb_row][/et_pb_section][et_pb_section fb_built=&#8221;1&#8243; _builder_version=&#8221;4.20.4&#8243; _module_preset=&#8221;default&#8221; global_colors_info=&#8221;{}&#8221;][et_pb_row _builder_version=&#8221;4.20.4&#8243; _module_preset=&#8221;default&#8221; global_colors_info=&#8221;{}&#8221;][et_pb_column type=&#8221;4_4&#8243; _builder_version=&#8221;4.20.4&#8243; _module_preset=&#8221;default&#8221; global_colors_info=&#8221;{}&#8221;][et_pb_text _builder_version=&#8221;4.20.4&#8243; _module_preset=&#8221;default&#8221; custom_margin=&#8221;100px||250px||false|false&#8221; inline_fonts=&#8221;Lexend Deca&#8221; global_colors_info=&#8221;{}&#8221;]</p>
<h4><span style="font-family: 'Lexend Deca';"><span lang="ca-ES"><b>POLÍTICA DE GESTIÓ AMBIENTAL</b></span></span></h4>
<p align="justify"><span><span lang="ca-ES"></span></span></p>
<p>El Grup DATALAB està ubicat a Barcelona i prestant els seus serveis principalment en l’àrea geogràfica propera al seu emplaçament.</p>
<p>Des de la seva fundació treballa amb conceptes de sostenibilitat i integració en el medi.</p>
<p>El desenvolupament de totes les seves activitats es realitza minimitzant els impactes ambientals i mantenint l’entorn natural.<br />La Direcció i tots els empleats de l’Empresa, conscients de la importància de la conservació de l’entorn natural, apliquen aquesta premissa en el funcionament de les instal·lacions de la companyia i en els serveis oferts als clients in situ.</p>
<p>La Direcció i tots els empleats de l’Empresa treballen conjuntament amb els usuaris i proveïdors en el sentit de millorar l’entorn ambiental.</p>
<p>La Direcció manté el compromís de complir amb els requisits legals aplicables a les instal·lacions i l’entorn natural de l’Empresa.</p>
<p>Existeixen, i són revisats, objectius i mètodes de control per assegurar el compliment d’aquesta Política Ambiental.</p>
<p>[/et_pb_text][/et_pb_column][/et_pb_row][/et_pb_section]</p>

<p>POLÍTICA DE GESTIÓ AMBIENTAL El Grup DATALAB està ubicat a Barcelona i prestant els seus serveis principalment en l’àrea geogràfica propera al seu emplaçament. Des de la seva fundació treballa amb conceptes de sostenibilitat i integració en el medi. El desenvolupament de totes les seves activitats es realitza minimitzant els impactes ambientals i mantenint l’entorn [&hellip;]</p>

<!-- This site is optimized with the Yoast SEO plugin v20.8 - https://yoast.com/wordpress/plugins/seo/ -->
<title>Política de gestió ambiental - Datalab</title>
<meta name="robots" content="index, follow, max-snippet:-1, max-image-preview:large, max-video-preview:-1" />
<link rel="canonical" href="https://dltec.net/ca/politica-de-gestio-ambiental/" />
<meta property="og:locale" content="ca_ES" />
<meta property="og:type" content="article" />
<meta property="og:title" content="Política de gestió ambiental - Datalab" />
<meta property="og:description" content="POLÍTICA DE GESTIÓ AMBIENTAL El Grup DATALAB està ubicat a Barcelona i prestant els seus serveis principalment en l’àrea geogràfica propera al seu emplaçament. Des de la seva fundació treballa amb conceptes de sostenibilitat i integració en el medi. El desenvolupament de totes les seves activitats es realitza minimitzant els impactes ambientals i mantenint l’entorn [&hellip;]" />
<meta property="og:url" content="https://dltec.net/ca/politica-de-gestio-ambiental/" />
<meta property="og:site_name" content="Datalab" />
<meta property="article:modified_time" content="2023-05-10T09:25:41+00:00" />
<meta name="twitter:card" content="summary_large_image" />
<meta name="twitter:label1" content="Temps estimat de lectura" />
	<meta name="twitter:data1" content="2 minuts" />
<script type="application/ld+json" class="yoast-schema-graph">{"@context":"https://schema.org","@graph":[{"@type":"WebPage","@id":"https://dltec.net/ca/politica-de-gestio-ambiental/","url":"https://dltec.net/ca/politica-de-gestio-ambiental/","name":"Política de gestió ambiental - Datalab","isPartOf":{"@id":"https://dltec.net/ca/#website"},"datePublished":"2023-04-25T10:14:42+00:00","dateModified":"2023-05-10T09:25:41+00:00","breadcrumb":{"@id":"https://dltec.net/ca/politica-de-gestio-ambiental/#breadcrumb"},"inLanguage":"ca","potentialAction":[{"@type":"ReadAction","target":["https://dltec.net/ca/politica-de-gestio-ambiental/"]}]},{"@type":"BreadcrumbList","@id":"https://dltec.net/ca/politica-de-gestio-ambiental/#breadcrumb","itemListElement":[{"@type":"ListItem","position":1,"name":"Portada","item":"https://dltec.net/ca/"},{"@type":"ListItem","position":2,"name":"Política de gestió ambiental"}]},{"@type":"WebSite","@id":"https://dltec.net/ca/#website","url":"https://dltec.net/ca/","name":"Datalab","description":"","potentialAction":[{"@type":"SearchAction","target":{"@type":"EntryPoint","urlTemplate":"https://dltec.net/ca/?s={search_term_string}"},"query-input":"required name=search_term_string"}],"inLanguage":"ca"}]}</script>
<!-- / Yoast SEO plugin. -->

Política de gestió ambiental - Datalab

POLÍTICA DE GESTIÓ AMBIENTAL El Grup DATALAB està ubicat a Barcelona i prestant els seus serveis principalment en l’àrea geogràfica propera al seu emplaçament. Des de la seva fundació treballa amb conceptes de sostenibilitat i integració en el medi. El desenvolupament de totes les seves activitats es realitza minimitzant els impactes ambientals i mantenint l’entorn [&hellip;]
